24 + d**3 + 2*d**2 - 37. Calculate u(x).
-4
Let a = -33 - -20. Let c = a + 4. Let h be 2/(-4) + c/(-6). Let g(m) = 2*m**2 + 2*m - 1. Determine g(h).
3
Let f(i) be the third derivative of -i**6/120 - i**5/15 + 7*i**4/24 + 5*i**3/6 - i**2. Let j be -3*(123/63 + (-6)/21). Determine f(j).
-5
Let a(h) = -h + 1. Let r be a(-3). Let k(c) = c**3 + 7*c**2 - r - 10 + 11 + 4*c. Determine k(-6).
9
Let k(b) = b**2 + 2*b + 1. Let y(f) = f**2 + f. Let s(d) = -4*k(d) + 3*y(d). Let m be (-5)/((-6 - -3)/(-3)). Calculate s(m).
-4
Suppose 3*j = -5*k - 6, -j - 4*j + 21 = -2*k. Let r(s) = -s**2 + 3. Calculate r(k).
-6
Suppose -2*n + 3*j = -2, j + 2 = 2*n - j. Let t(g) = -1 + g**3 + 3*g**2 + 3*g**3 - 6*g**2 + 5*g**2. Determine t(n).
5
Let d(k) = 2 - 3 + 6*k - 2*k. Let h(r) = -r**3 + 10*r**2 + r - 6. Let n be h(10). Suppose -3*j + 0*b - 3*b = 12, 3*j = -n*b - 15. Calculate d(j).
-5
Let o(j) be the third derivative of -j**4/24 + 2*j**3/3 - 27*j**2. What is o(5)?
-1
Let y be (-8)/28 - (-5)/(-7). Let a be (3/4)/(y/4). Let g(n) = 3*n + 3. Calculate g(a).
-6
Let o(a) = -3*a + 9. Let h(s) = -8*s + 28. Let b(u) = -3*h(u) + 10*o(u). Determine b(4).
-18
Let z = -83 + 253/3. Let f(g) be the first derivative of z*g**3 + 2 - g + g**2. Determine f(1).
5
Suppose -11 = -3*b - n + 3, 3*b - 12 = -3*n. Suppose -2 = m - b. Let i(c) = -5*c + 1. Determine i(m).
-14
Let w(k) = -k**2 + 7*k - 4. Suppose 3*z - 3*i - 7 - 17 = 0, -2*z = 2*i. What is w(z)?
8
Let a(c) = c**2 + 11*c + 10. Let o(j) = -3*j**2 - 32*j - 29. Let p(t) = -17*a(t) - 6*o(t). Give p(-3).
-2
Let f(y) = y - 17*y + y + 9*y. What is f(-1)?
6
Let r(a) = -a**3 - a**2 + 3. Let n(x) = -x**2 + 3*x. Let q be n(3). Let b be r(q). Let h(o) = -2*o**2 + 5*o - 4. What is h(b)?
-7
Let z(n) be the second derivative of -n**5/20 + n**4/2 - n**3/6 + 5*n**2/2 - n. Suppose 3 = -5*k + 13. Suppose -k*m = 4*d, 0 = -m - 4*d - 6. Give z(m).
-1
Let y(t) = -t**3 + t**2 + t - 10. Let l = 28 + -28. Determine y(l).
-10
Let c(h) = -h**3 + 8*h**2 - 6*h - 5. Suppose 0 = -2*g - 2*g + 5*u + 38, -32 = -4*g + 2*u. What is c(g)?
2
Let i(q) = -q + 14. Let b(d) = d**2 + 4*d + 10. Let n be b(-3). What is i(n)?
7
Let r(o) = o**3 - 2*o**2 + 4*o - 2. Let n be ((-10)/20)/((-1)/4). Calculate r(n).
6
Let b(q) = -q + 1. Let d(h) = h**3 + 6*h**2 + 5*h + 9. Let m(p) = -2*b(p) + d(p). Let n(o) = -o**2 + o - 1 + 2 + 0. Let u be n(3). What is m(u)?
-3
Suppose 2*r - 3*r + 4 = 0. Suppose 0 = 4*t - 11 - 17. Let u = r - t. Let m(a) = -a**2 - a + 2. What is m(u)?
-4
Suppose 3*r = 4*y - 1, 2*y - 3 - 2 = -3*r. Let m(i) be the first derivative of -3*i**4/4 + i**3/3 - i**2 + i + 8. Calculate m(y).
-3
Let d(m) = -m**2 - 11*m - 2. Let k(g) = g. Let l(i) = d(i) + 2*k(i). What is l(-9)?
-2
Let x(p) = -p**2 + 3*p - 4. Let n = -10 + 14. Suppose -n*i = -13 + 1. Suppose -3*s + 4*s - i = 0. Determine x(s).
-4
Let u = 45 - 44. Let w(g) = 9*g**2 + g. Calculate w(u).
10
Let x be (4 - 2) + 2/(-2). Let i(g) be the third derivative of -g**6/120 + g**3/6 - 6*g**2. Calculate i(x).
0
Suppose 5*j - 2*j + 17 = 2*y, -4 = -y - 3*j. Suppose -u - 5*r = 2*u - y, -4*u + 4*r = 44. Let g(n) = n + 3. Give g(u).
-3
Let t(z) = 2*z**2 + 2. Suppose 0 = -a + 4 - 6. Determine t(a).
10
Suppose 5*a - 3*q = -2, 2*a + 6*q - 20 = 2*q. Let w(g) be the first derivative of -3/2*g**a - 2*g - 2. Determine w(-2).
4
Let s(m) = 5*m + 1. Let r = 9 - -6. Suppose 2*h + r = -4*x + 3, 0 = -3*h - 12. What is s(x)?
-4
Let p(q) = q**2 + 1. Let y(k) = k**3 + 2*k**2 - k + 1. Let s(l) = -3*p(l) + y(l). Give s(2).
0
Let l be 5*(-3 + 2)*-1. Suppose -l*a + 9 = -1. Let o(i) = 2*i + i - 7*i + 1. Give o(a).
-7
Let g(x) = -x - 9. Let i be (4/3)/(22/(-165)). Let o be g(i). Let d(y) = -6*y. Calculate d(o).
-6
Let k(z) = -z**2 + 2*z - 2. Suppose 3*s = -4*g + 22, -3*s - 5*g + 10 = -4*g. Suppose 5*f = f - 2*l, -3*f - 2*l - s = 0. Give k(f).
-2
Let t(d) = -3*d**3 - 14*d**2 + 13*d + 9. Let l(s) = 2*s**3 + 7*s**2 - 7*s - 4. Let u(y) = -5*l(y) - 3*t(y). Give u(6).
5
Let r(q) = 5*q - 2 + 1 + 2*q - 3. Let c(a) = -10*a + 6. Let p(n) = 5*c(n) + 7*r(n). What is p(-3)?
5
Let t(k) = -k**2 - k**2 + 4 - k**2 + 2*k**2. Let z be t(0). Suppose -2*q + q + z = 0. Let h(n) = -n**2 + 5*n + 2. What is h(q)?
6
Let v be 10/4 + (-2)/4. Let y(i) be the third derivative of i**4/24 - 2*i**3/3 - 8*i**2. What is y(v)?
-2
Suppose -4*n - 24 = -8*n. Let t(d) = n*d**2 + 6*d**3 + 4*d**3 - 15*d**3 + 4*d**3. Calculate t(6).
0
Let y(h) = -h**3 - 8*h**2 + h + 6. Let n = 47 - 55. Give y(n).
-2
Let o = 6 - 3. Let z(m) = m**2 - 3 + 7 - 2*m - o*m. What is z(3)?
-2
Let x(u) = -u**2 + 9*u - 19. Let n be x(4). Let f(r) = -r + 1. Determine f(n).
0
Let d be 4/(-2) + (6 - 1). Let l(j) = 6*j**2 + j**3 + 6*j**2 - 1 - 15*j**2 + j. Give l(d).
2
Let t(a) = -6*a - 1. Let g(v) = -11*v - 1. Let c(p) = -4*g(p) + 7*t(p). Let o be c(5). Let i = o + -13. Let k(s) = s**2 + 6*s - 4. Determine k(i).
-4
Let q(k) be the third derivative of -k**6/360 - k**5/120 - k**4/6 + k**3/3 - 9*k**2. Let r(t) be the first derivative of q(t). Calculate r(0).
-4
Suppose 5*f + 6 = 26. Suppose -5*b - 5 = 5*u, 5*b - 35 = f*u - u. Let r(w) = -w - 10. Calculate r(u).
-5
Suppose -7*v + 3*v + 20 = 0. Suppose -4*k - 10 = -6*k - v*t, -5 = -k - 4*t. Let p(b) = 2*b - 7. Calculate p(k).
3
Let c(q) = 3 - 31*q + 58*q - 28*q. What is c(8)?
-5
Let h(g) = -75*g + 146*g - 73*g + g**2 + 3. What is h(2)?
3
Let a(x) = x**3 + 38*x**2 - x - 4*x - 42*x**2. Calculate a(5).
0
Suppose -2*h + 2*f + 10 = 0, -2*h - 4*f = f - 3. Let s = h + -1. Let d(l) = -l**3 + 3*l**2. Calculate d(s).
0
Let x(u) = u + 2. Let t(p) = -7*p + 1. Let f be t(1). What is x(f)?
-4
Suppose 2*g = -2*g + 3*c - 3, -3*g + c + 4 = 0. Let o(k) = -k + 0*k**3 + k + k**g - 14 + k. Determine o(0).
-14
Let r(q) = -q**2 + 9*q + 4. Let l be r(9). Let a(p) = p**2 - 5*p + 5. What is a(l)?
1
Let s(p) = -p**3 + 7*p**2 - 5*p - 3. Let b be s(6). Let d(z) = -2*z - 5*z**3 + z + 0*z**3 - b*z**3. What is d(1)?
-9
Let u(s) = 9*s + 2. Let z(p) = -4*p - 1. Let k(m) = 6*u(m) + 14*z(m). Give k(2).
-6
Let u(m) = -8*m + 2. Let o(x) = 7*x - 1. Let n(t) = -4*o(t) - 3*u(t). Determine n(-1).
2
Let q = -2 + 2. Let u(f) = f**3 - 6*f**2 + 5*f + 4. Let s be u(5). Let w(t) = 0*t - 3*t - s + 4*t - 7. What is w(q)?
-11
Let p(k) = -k**3 - 3*k**2 + 4*k - 8. Let s be p(-4). Let u(q) = q**3 + 7*q**2 - 8*q - 6. Determine u(s).
-6
Let w(k) = -10 + 0*k - 2*k + 0*k. Determine w(-8).
6
Let n(l) = 5*l + l**2 + 30 + l - 27. Calculate n(-6).
3
Let v = -4 - -6. Let k(f) be the third derivative of -f**5/60 + f**4/8 - f**3/2 + 7*f**2. Give k(v).
-1
Let g(m) = 2*m - 3. Let y(h) = 3*h + 2 + 5 - h**2 - 5. Let k be y(3). Give g(k).
1
Let c(y) = -y**3 + 4*y**2 - y - 1. Suppose 0 = -k - k + 4*f + 22, -k + 5*f + 23 = 0. Give c(k).
5
Let q(c) = c**3 - 6*c**2 + 3*c + 5. Let s = 70 - 49. Let r = -16 + s. Determine q(r).
-5
Let g(t) = t - 3. Let y(m) = m - 4. Let b(j) = 5*g(j) - 4*y(j). Let c = -2 + 3. Let r = c - -1. Determine b(r).
3
Let u(k) = -k**3 - 4*k**2 + 2*k + 6. Let w = 66 - 46. Suppose -v = 4*v + w. Give u(v).
-2
Let s(i) = 2*i + 3. Let u(l) = l - 1. Let p be u(1). Suppose 3*q + q - 16 = p. Suppose 6 = w + 2*t, q*w + 2 = -3*t + 1. What is s(w)?
-5
Suppose 5*s - 40 = 2*w, 40 = 2*s - 0*w + 4*w. Suppose -y = 4*y - s. Let k(z) = 0*z**3 - 4*z - 4 + z**3 - 2*z**2 + 4*z**y. Calculate k(-3).
-1
Let l(r) = 3*r**2 + 10*r + 9. Let o(u) = 5*u**2 + 19*u + 17. Let m(p) = 7*l(p) - 4*o(p). Determine m(5).
-10
Let l(i) = i**3 + 7*i**2 + i + 9. Suppose 2*k - 3*q - 2*q - 1 = 0, -3*k = -q + 18. Give l(k).
2
Let z(x) = -3*x + 10. Let w(o) = -3*o + 11. Let i(l) = -3*w(l) + 4*z(l). What is i(6)?
-11
Let k be ((-21)/(-6))/1*-2. Let o(t) = -t - 2. Let d be o(k). Suppose 0*m = -c + d*m - 20, -4*m + 30 = 2*c. Let w(x) = x - 3. What is w(c)?
2
Let s(w) be the first derivative of w**3/3 - 8*w - 28. Give s(0).
-8
Let v be 6/(-4) + 93/6. Let b = 9 - v. Let t(y) = y**3 + 6*y**2 + 5*y + 5. Calculate t(b).
5
Let z(j) = 2 - j + 2*j**2 - 3*j**2 + 0*j**2. Let h be 0/(-2)*(-2)/4*-2. Give z(h).
2
Let i(b) = -b**3 - b**2 + 4*b + 3. Let v be i(-3). Let t(l) = 2 - 1 + 2*l**3 + 2*l + l**2 - v*l**3. What is t(-1)?
7
Let w(l) be the second derivative of 1/4*l**4 + 1/180*l**6 + 0*l**3 + 2*l + 0 + 0*l**2 + 1/60*l**5. Let t(k) be the third derivative of w(k). What is t(-2)?
-6
Let p(l